5/(-60)). Let k(g) = -2*g + 8. Let w be k(c). Let i = w - -29. What are the prime factors of i?
3, 7
Let b = 1285 - 801. List the prime factors of b.
2, 11
Suppose 309 - 75 = 2*j. What are the prime factors of j?
3, 13
What are the prime factors of 8715/27 + (-7)/((-315)/10)?
17, 19
Let b(m) = 2*m**2 + 4*m + 6. Let n = 19 - 21. Let l be (-47)/9 - n/9. List the prime factors of b(l).
2, 3
Let t(d) = -17*d**3 - 5*d**2 - d + 29. Let m(g) = -6*g**3 - 2*g**2 + 10. Let y(j) = 8*m(j) - 3*t(j). List the prime factors of y(4).
181
Let i = -2 - -4. Let k = i + 6. List the prime factors of (-1 + (-100)/k)*-2.
3
Let r(c) = -3*c**2 + 4*c**2 - 3*c - 202 + 192. Let g be r(6). Suppose 4*t + 2*l = 66, -3*t + 56 = -g*l + 3*l. What are the prime factors of t?
17
Suppose k - q = 6*k + 24, 0 = q + 4. What are the prime factors of (-2 - 460/8)/(k/8)?
7, 17
Let j be ((-75)/12)/((-76)/(-16) - 5). Let v = j - -22. What are the prime factors of v?
47
Suppose 0 = -4*d - 0*h + 2*h - 126, -3*h - 163 = 5*d. Let y = d - -76. What are the prime factors of y?
2, 11
Let z = 22 - 18. Suppose 2*f - 4*f - 157 = -3*w, 2*w - 110 = z*f. What are the prime factors of w?
3, 17
Suppose -4*y - 4*y = 24. Let v(f) = -11*f + 6. What are the prime factors of v(y)?
3, 13
Suppose 4*n = -17 - 19. What are the prime factors of 4/(-2)*(-24)/n*-12?
2
Let v(w) = -85*w + 79*w - 14 + 0*w**2 + w**2 + w**2. What are the prime factors of v(-7)?
2, 3, 7
Suppose -3*m = -17 + 5. Let k(p) = p**2 - 5*p + 1. Let b(f) = -2*f + 1. Let c(l) = m*k(l) - 9*b(l). What are the prime factors of c(4)?
3, 17
Let v = 36 - 25. Suppose -r + 3*f = -2*f - 21, 2*f + v = 3*r. Let a(m) = 58*m**2 + 2*m - 1. What are the prime factors of a(r)?
59
Let s be (-9)/2*1*1246/(-21). Let m = -18 + s. List the prime factors of m.
3, 83
Let n(p) = 0 + 59*p + 11 - 11. List the prime factors of n(2).
2, 59
Let y(h) = -h**2 - 14*h - 11. Let q be y(-13). Suppose q*r = -3*r + 1525. Suppose 5*z + 5*u - r = 0, z = 5*z - 2*u - 214. What are the prime factors of z?
2, 7
Let g = 1162 - 21. What are the prime factors of g?
7, 163
Let t = -13 + 7. Let m be 14*(3/t + -1). Let y = 42 + m. List the prime factors of y.
3, 7
Let t(i) = 2*i - 22. Let r be t(-8). Let f = 64 + r. List the prime factors of f.
2, 13
Let j(h) = -h - 7. Let b be j(-4). Let o(z) = 0 - 1 + 0*z - 16*z - 1 + 4. List the prime factors of o(b).
2, 5
Let p be -2 - -5 - (-2)/2. Suppose -8*u = -p*u - 132. List the prime factors of u.
3, 11
Suppose 0 = -7*i + 3633 + 6685. List the prime factors of i.
2, 11, 67
Let m(l) = l**2 - l - 68. List the prime factors of m(33).
2, 13, 19
Let t = -7 - -6. Let x be 30/(t - (-52)/40). Suppose 3*j - a - 3*a = x, 12 = -3*a. List the prime factors of j.
2, 7
Let w(c) = -c - 2. Let n be w(6). Let j(l) be the second derivative of l**3/6 + 7*l**2 + 63*l. What are the prime factors of j(n)?
2, 3
Let z be ((-3)/2)/(2/(-4)). Let a be 3*(4 - 5) - 7/(-1). Suppose -a*p - z*x = -19, -7 = -2*p + p - 3*x. What are the prime factors of p?
2
Let u(w) = 20*w + 199. List the prime factors of u(12).
439
Suppose 5*n + 42 = 4*n. List the prime factors of (14/n)/((-2)/18).
3
Let l be 2 - (-695)/(-4) - (-3)/(-12). What are the prime factors of -8*(-3)/((-48)/l)?
2, 43
Suppose 0 = 6*y - 10 - 2. Suppose -y*j = -j + 5*m + 8, -5*j - 3*m = -4. Suppose j*n + 17 = -3*i + 103, -4*i = -4*n - 148. List the prime factors of i.
2
Let f be 2/(-10) - 28/35 - -383. Suppose -4*v + f = 2*d, 4*v - 2*v - 5*d = 209. List the prime factors of v.
97
Let c = -682 - -182. Let o = -306 - c. List the prime factors of o.
2, 97
Suppose 0 = 169*z - 157*z - 31680. What are the prime factors of z?
2, 3, 5, 11
Suppose 0 = -3*h + 2340 - 705. What are the prime factors of h?
5, 109
Suppose -3*l + 3 = 5*o, 3*l = -0 - 12. Suppose 7*t = 2*t + 15, 0 = 2*u + o*t - 221. What are the prime factors of u?
2, 53
Let j = 70 + -66. Suppose -2*v = 5*q - 363, 77 = q - 0*v - j*v. What are the prime factors of q?
73
Let h(x) = -19*x + 1. Let l be h(-1). Let v be l/(-6)*(-6)/(-4). List the prime factors of (-2)/5 - 22/v.
2
Suppose 2662 = 2*n + 4*j, -5*n = 3*j - 5285 - 1377. What are the prime factors of n?
31, 43
Suppose w + 2*b - 991 = 0, 4*w + 5*b - 3949 = -0*b. What are the prime factors of w?
3, 109
Let v(m) = -m**3 - 18*m**2 - 17*m + 2. Let d be v(-17). Suppose k = -q + 90, -d*k + 6*q = q - 187. What are the prime factors of k?
7, 13
Let t(v) = 152*v**2 + 17*v + 25. What are the prime factors of t(-3)?
2, 11, 61
Let s = -10 - -6. Let r be (86/s)/((-2)/4). Suppose 3*n = -2*h + 36, 0 = -6*n + 2*n - h + r. What are the prime factors of n?
2, 5
Let g(i) = i - 67. Let m be g(0). Let f = -195 + 156. Let d = f - m. List the prime factors of d.
2, 7
Suppose 372 = 4*p - 804. Suppose -9*g = -2*g - p. List the prime factors of g.
2, 3, 7
Suppose 21*m = 20*m + 2. Let c(n) = 1 + n**3 + 0*n**3 + 0. List the prime factors of c(m).
3
Let d(l) = 2*l**3 - 2*l**2 - 7*l - 9. Suppose 10 + 20 = 6*r. What are the prime factors of d(r)?
2, 3, 13
Let m(g) = 59*g - 4. List the prime factors of m(9).
17, 31
Suppose 10 = 2*n - 0*n. Suppose 0 = 2*o + n*x - 18, -o + 2*x + 2 = x. Suppose -4*p - 4 = 4, 0 = 5*w - o*p - 58. What are the prime factors of w?
2, 5
Let t be (-2 - 0)*(-45)/6. Suppose 22 = k + t. Suppose -5*i = -k*i + 64. What are the prime factors of i?
2
Let a(s) = -s. Let o(p) = -6*p - 9. Let j(n) = -2*a(n) + o(n). Let h be j(-3). Suppose -h*i + 92 = -40. What are the prime factors of i?
2, 11
Let l be (4 + -5)*(-1)/1. Suppose -r = -l, -4*s = -0*r - 5*r - 19. Suppose 3*d + s = 87. List the prime factors of d.
3
Let l(i) = 6*i**2 - 2*i + 1. Let h(d) = -d**2 - 1. Let y(n) = 5*h(n) + l(n). Let f be y(4). List the prime factors of (2 + f)*(-3)/(-3).
2, 3
Suppose -117 = -2*v + 381. Let c = -140 + v. What are the prime factors of c?
109
Suppose -56 = -j - 19. Let k be 312/(-14) + 42/147. Let l = k + j. What are the prime factors of l?
3, 5
Let u(l) = 310*l - 717. What are the prime factors of u(12)?
3, 7, 11, 13
Let v(w) = -2184*w - 216. What are the prime factors of v(-2)?
2, 3, 173
Let x be (8/6)/((-8)/(-12)). Let t(c) = 2*c**3 + c**2 - c - 3. List the prime factors of t(x).
3, 5
Let v(w) = 9*w**2 + 5*w + 5. Let h = 25 - 28. What are the prime factors of v(h)?
71
Suppose 5*c + 9 - 1 = -n, n + 4*c + 6 = 0. Suppose 5*q - 13 = n. Suppose -2*m + q = -3. What are the prime factors of m?
3
Let g(s) = -3*s + 6. Let b be (-81)/(-45) - 1/(-5). Let i be g(b). Suppose 4*p = -3*j + 103, 5*p = -i*p - j + 126. What are the prime factors of p?
5
Let l(k) = -233*k + 237*k - 6 + 5 + 49*k**2. What are the prime factors of l(-2)?
11, 17
Let i = -45 - -40. Let a(l) = 11*l**2 - 37. What are the prime factors of a(i)?
2, 7, 17
Suppose 2*t - t + 240 = -4*z, -2*z - 680 = 3*t. What are the prime factors of (-25)/10*t/20?
2, 7
Let u(r) = r**2 - 2*r + 7. Let h be u(0). Suppose 2*y - h*y = -75. Suppose -2*o - 1 = -y. What are the prime factors of o?
7
Suppose 0*v - 114 = -2*v. Suppose -v = -15*z + 12*z. What are the prime factors of z?
19
Let s(w) = w**3 - 26*w**2 - 24*w - 49. List the prime factors of s(29).
2, 7, 127
Let p(y) = -4*y**3 - 2*y**2 + 4*y - 2. Let i be p(1). Let l be (-2)/i*(9 - -31). Let g = 18 + l. What are the prime factors of g?
2, 19
What are the prime factors of (-20)/210 - (-41208)/63?
2, 3, 109
What are the prime factors of 95337/66*2/3?
3, 107
Suppose 0 = -2*u - 0*u - 10. Let b(d) = d**2 + 15*d - 7. Let q be b(-16). Let t = q - u. List the prime factors of t.
2, 7
Let f(c) = -2*c**2 + 18*c + 2. What are the prime factors of f(4)?
2, 3, 7
Let b(d) = -51*d**2 + 1. Let m be b(1). Let z = 236 + m. What are the prime factors of z?
2, 3, 31
Let d = -23 - -10. Let k(w) = 2*w**2 + 9*w - 45. What are the prime factors of k(d)?
2, 11
Suppose z = 4*b - 628 - 1696, -2*z = 2*b - 1152. What are the prime factors of b?
2, 5, 29
Suppose 0 = 4*c - 0*c - 240. Let o = c + -29. What are the prime factors of o?
31
Let a(r) be the second derivative of -11*r**5/20 + r**2/2 - 28*r. Suppose 3*d + 3*v = -d - 10, 2 = -4*d + v. What are the prime factors of a(d)?
2, 3
Let a = 229 - -24. List the prime factors of a.
11, 23
Suppose -l = -5*h + h - 374, 8 = -2*h. List the prime factors of l.
2, 179
Let h = 41 - 37. Let i(c) = 3*c**3 - 5*c**2 + 6*c - 13. What are the prime f